{"id":7632,"date":"2022-05-06T05:59:17","date_gmt":"2022-05-06T05:59:17","guid":{"rendered":"https:\/\/www.vendingmartinez.cat\/cartera\/saeco-liric\/"},"modified":"2022-06-28T13:26:31","modified_gmt":"2022-06-28T13:26:31","slug":"saeco-liric","status":"publish","type":"cartera","link":"https:\/\/www.vendingmartinez.cat\/ca\/cartera\/saeco-liric\/","title":{"rendered":"Saeco l\u00edric"},"content":{"rendered":"<p>Lirika representa la senzillesa i el rendiment d&#8217;una m\u00e0quina compacta l&#8217;ambient ideal de la qual \u00e9s l&#8217;oficina o petit empla\u00e7ament Ho.Re.Ca. Un disseny modern i senzill, una elevada capacitat en els seus dip\u00f2sits daigua i caf\u00e8 i incre\u00efblement f\u00e0cil dutilitzar.<\/p>\n<p>Caracter\u00edstiques:<\/p>\n<p>Dimensions: 215 x 370 x 429 mm<br \/>\nPes: 8 kg.<br \/>\nColor: negre<br \/>\nAlimentaci\u00f3 el\u00e8ctrica: 230 V\/50 Hz<br \/>\nPot\u00e8ncia: 1.850 watts<br \/>\nDip\u00f2sit caf\u00e8 en gra: 500 gr<br \/>\nDip\u00f2sit aigua: 2,5 l extra\u00efble<br \/>\nContenidor p\u00f2sits de caf\u00e8: 15<br \/>\nDisplay gr\u00e0fic amb icones i missatges: s\u00ed<br \/>\nHomologaci\u00f3 segons normativa professional 60335-2-75: s\u00ed<\/p>\n","protected":false},"excerpt":{"rendered":"<p>Lirika representa la senzillesa i el rendiment d&#8217;una m\u00e0quina compacta l&#8217;ambient ideal de la qual \u00e9s l&#8217;oficina o petit empla\u00e7ament Ho.Re.Ca. Un disseny modern i senzill, una elevada capacitat en els seus dip\u00f2sits daigua i caf\u00e8 i incre\u00efblement f\u00e0cil dutilitzar.<\/p>\n","protected":false},"featured_media":6518,"parent":0,"template":"","machine-type":[],"car-category":[333],"car-tags":[341],"class_list":["post-7632","cartera","type-cartera","status-publish","has-post-thumbnail","hentry","car-category-oficina","car-tags-office-ca"],"jetpack_sharing_enabled":true,"_links":{"self":[{"href":"https:\/\/www.vendingmartinez.cat\/ca\/wp-json\/wp\/v2\/cartera\/7632","targetHints":{"allow":["GET"]}}],"collection":[{"href":"https:\/\/www.vendingmartinez.cat\/ca\/wp-json\/wp\/v2\/cartera"}],"about":[{"href":"https:\/\/www.vendingmartinez.cat\/ca\/wp-json\/wp\/v2\/types\/cartera"}],"version-history":[{"count":0,"href":"https:\/\/www.vendingmartinez.cat\/ca\/wp-json\/wp\/v2\/cartera\/7632\/revisions"}],"wp:featuredmedia":[{"embeddable":true,"href":"https:\/\/www.vendingmartinez.cat\/ca\/wp-json\/wp\/v2\/media\/6518"}],"wp:attachment":[{"href":"https:\/\/www.vendingmartinez.cat\/ca\/wp-json\/wp\/v2\/media?parent=7632"}],"wp:term":[{"taxonomy":"machine-type","embeddable":true,"href":"https:\/\/www.vendingmartinez.cat\/ca\/wp-json\/wp\/v2\/machine-type?post=7632"},{"taxonomy":"car-category","embeddable":true,"href":"https:\/\/www.vendingmartinez.cat\/ca\/wp-json\/wp\/v2\/car-category?post=7632"},{"taxonomy":"car-tags","embeddable":true,"href":"https:\/\/www.vendingmartinez.cat\/ca\/wp-json\/wp\/v2\/car-tags?post=7632"}],"curies":[{"name":"wp","href":"https:\/\/api.w.org\/{rel}","templated":true}]}}

Saeco líric

<p>Lirika representa la senzillesa i el rendiment d&#8217;una màquina compacta l&#8217;ambient ideal de la qual és l&#8217;oficina o petit emplaçament Ho.Re.Ca. Un disseny modern i senzill, una elevada capacitat en els seus dipòsits daigua i cafè i increïblement fàcil dutilitzar.</p>
<p>Característiques:</p>
<p>Dimensions: 215 x 370 x 429 mm<br />
Pes: 8 kg.<br />
Color: negre<br />
Alimentació elèctrica: 230 V/50 Hz<br />
Potència: 1.850 watts<br />
Dipòsit cafè en gra: 500 gr<br />
Dipòsit aigua: 2,5 l extraïble<br />
Contenidor pòsits de cafè: 15<br />
Display gràfic amb icones i missatges: sí<br />
Homologació segons normativa professional 60335-2-75: sí</p>

<p>Lirika representa la senzillesa i el rendiment d&#8217;una màquina compacta l&#8217;ambient ideal de la qual és l&#8217;oficina o petit emplaçament Ho.Re.Ca. Un disseny modern i senzill, una elevada capacitat en els seus dipòsits daigua i cafè i increïblement fàcil dutilitzar.</p>
