{"id":7672,"date":"2022-05-06T00:28:51","date_gmt":"2022-05-06T00:28:51","guid":{"rendered":"https:\/\/www.vendingmartinez.cat\/cartera\/colibri\/"},"modified":"2022-06-28T12:43:55","modified_gmt":"2022-06-28T12:43:55","slug":"colibri","status":"publish","type":"cartera","link":"https:\/\/www.vendingmartinez.cat\/ca\/cartera\/colibri\/","title":{"rendered":"Colibr\u00ed"},"content":{"rendered":"<p>Continuant amb l&#8217;\u00e8xit de la gamma table-top Colibr\u00ed \u00e9s un distribu\u00efdor autom\u00e0tic desenvolupat especialment per a locals de dimensions redu\u00efdes, amb una l\u00f2gica de producte innovadora pel que fa al panorama actual.<\/p>\n<p>Oferint autom\u00e0ticament fins a un m\u00e0xim d&#8217;11 begudes diferents amb 2 preseleccions (sucre i caf\u00e8 descafe\u00efnat), la Colibr\u00ed afavoreix l&#8217;increment dels consums a les oficines, ja que permet que l&#8217;usuari final pugui gaudir de les diatintes seleccions de manera f\u00e0cil i autom\u00e0tica. Aix\u00ed mateix, gr\u00e0cies a la seva condici\u00f3 compacta i al seu disseny, es pot col\u00b7locar dins de les mateixes oficines, reduint aix\u00ed, fins i tot f\u00edsicament, la dist\u00e0ncia entre l&#8217;usuari i el distribu\u00efdor.<\/p>\n<p>La Colibr\u00ed est\u00e0 prove\u00efda del grup caf\u00e8 Z 3000. Est\u00e0 en condicions d&#8217;oferir un caf\u00e8 expr\u00e9s, amb una crema persistent i un cos m\u00e9s gran. Per assegurar l&#8217;extracci\u00f3 \u00f2ptima de les aromes, s&#8217;ha treballat de manera que permet que la pastilla de caf\u00e8 s&#8217;humitegi d&#8217;una manera m\u00e9s uniforme, creant alhora una acci\u00f3 de contrapressi\u00f3 per aprofitar la pastilla completament.<\/p>\n","protected":false},"excerpt":{"rendered":"<p>Continuant amb l&#8217;\u00e8xit de la gamma table-top Colibr\u00ed \u00e9s un distribu\u00efdor autom\u00e0tic desenvolupat especialment per a locals de dimensions redu\u00efdes, amb una l\u00f2gica de producte innovadora pel que fa al panorama actual.<\/p>\n","protected":false},"featured_media":6511,"parent":0,"template":"","machine-type":[],"car-category":[330,335],"car-tags":[],"class_list":["post-7672","cartera","type-cartera","status-publish","has-post-thumbnail","hentry","car-category-empreses-i-public","car-category-maquina-de-cafe-ca"],"jetpack_sharing_enabled":true,"_links":{"self":[{"href":"https:\/\/www.vendingmartinez.cat\/ca\/wp-json\/wp\/v2\/cartera\/7672","targetHints":{"allow":["GET"]}}],"collection":[{"href":"https:\/\/www.vendingmartinez.cat\/ca\/wp-json\/wp\/v2\/cartera"}],"about":[{"href":"https:\/\/www.vendingmartinez.cat\/ca\/wp-json\/wp\/v2\/types\/cartera"}],"version-history":[{"count":0,"href":"https:\/\/www.vendingmartinez.cat\/ca\/wp-json\/wp\/v2\/cartera\/7672\/revisions"}],"wp:featuredmedia":[{"embeddable":true,"href":"https:\/\/www.vendingmartinez.cat\/ca\/wp-json\/wp\/v2\/media\/6511"}],"wp:attachment":[{"href":"https:\/\/www.vendingmartinez.cat\/ca\/wp-json\/wp\/v2\/media?parent=7672"}],"wp:term":[{"taxonomy":"machine-type","embeddable":true,"href":"https:\/\/www.vendingmartinez.cat\/ca\/wp-json\/wp\/v2\/machine-type?post=7672"},{"taxonomy":"car-category","embeddable":true,"href":"https:\/\/www.vendingmartinez.cat\/ca\/wp-json\/wp\/v2\/car-category?post=7672"},{"taxonomy":"car-tags","embeddable":true,"href":"https:\/\/www.vendingmartinez.cat\/ca\/wp-json\/wp\/v2\/car-tags?post=7672"}],"curies":[{"name":"wp","href":"https:\/\/api.w.org\/{rel}","templated":true}]}}

Colibrí

<p>Continuant amb l&#8217;èxit de la gamma table-top Colibrí és un distribuïdor automàtic desenvolupat especialment per a locals de dimensions reduïdes, amb una lògica de producte innovadora pel que fa al panorama actual.</p>
<p>Oferint automàticament fins a un màxim d&#8217;11 begudes diferents amb 2 preseleccions (sucre i cafè descafeïnat), la Colibrí afavoreix l&#8217;increment dels consums a les oficines, ja que permet que l&#8217;usuari final pugui gaudir de les diatintes seleccions de manera fàcil i automàtica. Així mateix, gràcies a la seva condició compacta i al seu disseny, es pot col·locar dins de les mateixes oficines, reduint així, fins i tot físicament, la distància entre l&#8217;usuari i el distribuïdor.</p>
<p>La Colibrí està proveïda del grup cafè Z 3000. Està en condicions d&#8217;oferir un cafè exprés, amb una crema persistent i un cos més gran. Per assegurar l&#8217;extracció òptima de les aromes, s&#8217;ha treballat de manera que permet que la pastilla de cafè s&#8217;humitegi d&#8217;una manera més uniforme, creant alhora una acció de contrapressió per aprofitar la pastilla completament.</p>

<p>Continuant amb l&#8217;èxit de la gamma table-top Colibrí és un distribuïdor automàtic desenvolupat especialment per a locals de dimensions reduïdes, amb una lògica de producte innovadora pel que fa al panorama actual.</p>
